(-130).
0
Let o(z) = 20*z + 27. Determine o(0).
27
Let g(v) = v**3 + 11*v**2 + 7*v - 85. Calculate g(-9).
14
Let x(g) = 13*g - 252. Determine x(25).
73
Let s(t) = t**3 - 43*t**2 - 30*t - 618. Give s(44).
-2
Let r(k) = -2*k**2 - 98*k - 504. Determine r(-45).
-144
Let z(p) = -90*p + 1090. Calculate z(12).
10
Let d(n) = 9338*n + 74708. Calculate d(-8).
4
Let n(q) = -2*q**2 - 98*q + 1702. Give n(14).
-62
Let x(l) = -120*l**2 + 715*l + 32. What is x(6)?
2
Let u(m) = 6*m**2 + 38*m - 8. Give u(-7).
20
Let q(w) = -2*w**2 - 96*w - 558. Determine q(-6).
-54
Let n(q) = 33*q + 566. Determine n(-17).
5
Let f(g) = 2*g**2 - 40*g - 27. Calculate f(24).
165
Let h(n) = -n**2 + 70*n - 600. Determine h(10).
0
Let j(a) = -2117*a + 52889. Calculate j(25).
-36
Let x(r) = 14*r**2 + r - 15. What is x(5)?
340
Let i(g) = -g**2 - 26*g + 203. Determine i(-37).
-204
Let o(a) = -a**3 - 125*a**2 + 257*a - 8. Calculate o(2).
-2
Let i(r) = 27*r + 389. Calculate i(-8).
173
Let q(i) = -78*i**2 - 938*i - 28. What is q(-12)?
-4
Let u(d) = d**2 + 61*d - 458. What is u(7)?
18
Let v(c) = -198*c - 15834. What is v(-80)?
6
Let b(a) = 10*a**3 - 2*a**2 + 7*a - 5. Determine b(1).
10
Let y(s) = s**3 + 82*s**2 - 720*s + 46. Give y(-90).
46
Let n(r) = -2*r**3 - 5*r**2 - 17*r - 70. Give n(-4).
46
Let j(i) = i**3 - 11*i**2 + 63*i + 24. What is j(7)?
269
Let i(h) = -5*h**2 - 19*h - 5. Give i(3).
-107
Let t(k) = -7*k**2 - 30*k + 162. What is t(8)?
-526
Let i(t) = t**3 - 3*t**2 - 87*t - 2. Determine i(11).
9
Let j(d) = -9*d**3 - 54*d**2 - 6*d - 16. Determine j(-6).
20
Let h(u) = u**3 + 26*u**2 - 58*u - 96. Calculate h(-28).
-40
Let s(i) = i**3 + i**2 - 20*i - 20. What is s(-5)?
-20
Let s(q) = q**2 - 89*q + 647. What is s(83)?
149
Let h(x) = 36*x**3 + 314*x - 314. Determine h(1).
36
Let t(v) = 24*v**2 - 667*v - 184. Calculate t(28).
-44
Let q(l) = -l**3 + 30*l**2 - 11*l + 298. Give q(30).
-32
Let k(y) = -y**3 + 9*y**2 + 32*y + 18. Calculate k(-2).
-2
Let m(u) = -32*u + 495. Give m(31).
-497
Let k(g) = g**3 - 5*g**2 + 14*g - 12. What is k(5)?
58
Let z(w) = w**3 + 8*w**2 + 2503*w + 17468. Calculate z(-7).
-4
Let w(d) = -d**2 - 61*d + 250. Calculate w(-68).
-226
Let t(f) = -75*f - 407. Determine t(-11).
418
Let q(k) = k**2 - 47*k + 570. Determine q(24).
18
Let r(c) = -3*c**2 - 1404*c + 14. Calculate r(0).
14
Let y(m) = -38*m - 30. What is y(-1)?
8
Let v(s) = s**2 + 197*s - 1209. What is v(6)?
9
Let s(p) = 17*p - 169. What is s(10)?
1
Let h(u) = -u**2 + 43*u + 453. What is h(-9)?
-15
Let b(n) = -2*n**3 - 151*n**2 + 43*n - 14475. Calculate b(-77).
1
Let f(l) = -l**3 + 41*l**2 + 281*l + 31. Give f(47).
-16
Let m(v) = v**2 - 28*v - 20. Calculate m(30).
40
Let c(q) = q**3 + 22*q**2 + 54*q - 29. What is c(-19)?
28
Let o(k) = 10*k**2 + 25*k + 3. Determine o(-4).
63
Let s(g) = -131*g + 667. Determine s(6).
-119
Let q(g) = 5*g**2 - 66*g + 189. What is q(3)?
36
Let n(c) = -c**3 + 7*c**2 + 58. Determine n(7).
58
Let g(x) = -17*x**2 + 3822*x + 3823. What is g(-1)?
-16
Let t(b) = -22*b - 103. Give t(-5).
7
Let h(b) = -4*b**2 - 150*b - 123. Give h(-37).
-49
Let c(n) = -76*n - 612. Calculate c(-8).
-4
Let b(z) = 4*z**2 + 105*z - 1228. Determine b(-35).
-3
Let a(h) = h**3 - 5*h**2 - 8*h - 9. Give a(-4).
-121
Let h(g) = -200*g - 161. Give h(-1).
39
Let r(a) = -20*a + 8. Calculate r(1).
-12
Let b(n) = 5*n + 22. What is b(-3)?
7
Let s(a) = -63*a - 2594. What is s(-41)?
-11
Let m(l) = -l**3 - 12*l**2 - 22*l - 693. Calculate m(-14).
7
Let b(l) = -l**3 - 12*l**2 - 63*l - 570. Calculate b(-11).
2
Let l(a) = 63*a - 1052. Calculate l(14).
-170
Let u(g) = -4*g**3 - 87*g**2 - 440*g + 9. Determine u(-8).
9
Let t(x) = -x**3 + 91*x**2 + 282*x + 11. Give t(94).
11
Let b(u) = 5*u**3 + 46*u**2 - 468*u - 4295. Determine b(-9).
-2
Let w(x) = 4256*x + 68112. Determine w(-16).
16
Let t(j) = -11*j + 725. What is t(6)?
659
Let v(u) = -u - 31. Determine v(-3).
-28
Let n(q) = 10*q**2 + 63*q - 305. Give n(4).
107
Let w(f) = -12*f - 62. Determine w(-6).
10
Let s(l) = l**3 + 27*l**2 - 27*l - 106. What is s(-28)?
-134
Let d(x) = 70*x - 375. What is d(7)?
115
Let y(k) = -k - 41. Calculate y(34).
-75
Let t(v) = 3*v**2 + 51*v - 101. Calculate t(2).
13
Let d(j) = 216*j - 261. Calculate d(1).
-45
Let s(o) = o**3 + 35*o**2 + 329*o + 954. What is s(-22)?
8
Let s(v) = -2*v**3 + 87*v**2 - 25*v + 129. Determine s(43).
903
Let c(k) = -7*k**2 + 93*k + 188. Give c(-2).
-26
Let d(r) = 168*r - 2003. Determine d(11).
-155
Let o(s) = s**3 + 30*s**2 + 21*s - 221. What is o(-29)?
11
Let l(n) = -132*n**3 - 2*n**2 + 3*n + 4. Calculate l(-1).
131
Let i(z) = 2*z**2 + 5*z - 4. Calculate i(-4).
8
Let l(t) = t**3 - 9*t**2 + 33*t - 436. Give l(10).
-6
Let p(v) = 27*v**2 - 15*v - 582. Determine p(5).
18
Let j(v) = v**3 + 20*v**2 - 169*v - 327. Give j(-26).
11
Let o(a) = -8*a + 472. Give o(63).
-32
Let l(a) = -51*a - 55. Give l(-7).
302
Let n(b) = 85*b + 23. Determine n(0).
23
Let n(p) = -47*p**2 + 19*p - 9. What is n(1)?
-37
Let u(y) = y**2 + 44*y + 130. Determine u(-3).
7
Let l(n) = -37*n**2 + 44*n - 44. Give l(1).
-37
Let a(k) = 3*k**3 + 8*k**2 - 21*k + 17. What is a(3)?
107
Let y(u) = -77*u + 666. What is y(9)?
-27
Let c(s) = -2*s**3 + 30*s**2 - 31*s + 152. What is c(14)?
110
Let q(p) = 3*p**2 - 35*p + 55. Give q(10).
5
Let t(y) = -51*y - 511. What is t(-10)?
-1
Let d(g) = 3*g**3 - 9*g**2 + 29*g - 148. Determine d(4).
16
Let k(o) = 222*o**2 + 3*o - 2. Calculate k(1).
223
Let j(x) = 2*x**3 - 27*x**2 + 16*x - 409. Calculate j(14).
11
Let i(g) = 28*g**2 + 2*g + 2. What is i(-1)?
28
Let m(c) = -c**3 + 12*c**2 + 46*c + 78. Calculate m(15).
93
Let i(d) = -77*d**2 + 1543*d - 53. Give i(20).
7
Let p(i) = 99*i + 547. Give p(-13).
-740
Let k(z) = -4*z**3 - 351*z**2 - 260*z + 89. Give k(-87).
2
Let j(u) = -6*u**3 - 84*u**2 + u + 15. Determine j(-14).
1
Let r(n) = -n**2 - 52*n - 544. Calculate r(-14).
-12
Let t(h) = 50*h - 623. Give t(19).
327
Let j(f) = -f**2 - 74*f + 2597. Give j(26).
-3
Let k(x) = -x**3 - 13*x**2 - 8*x + 55. Give k(-8).
-201
Let p(w) = 13*w**3 + 2*w**2 - w. Determine p(-1).
-10
Let k(f) = -f + 69. What is k(46)?
23
Let x(p) = -17*p + 211. Calculate x(18).
-95
Let v(s) = s**3 + 35*s**2 + 127*s + 1007. What is v(-32)?
15
Let m(d) = 2*d**2 + 6*d - 45. Give m(12).
315
Let q(l) = -l**3 + 67*l**2 - 565*l - 277. What is q(57)?
8
Let g(t) = 2*t**2 + 1655*t + 3313. Give g(-2).
11
Let w(f) = 19*f**3 - 10*f**2 - 16*f + 1. What is w(-3)?
-554
Let m(s) = -s**2 + 45*s - 67. Determine m(49).
-263
Let y(a) = 14*a**3 - 26*a - 25. Calculate y(-1).
-13
Let d(j) = j**2 - 19*j - 217. Give d(29).
73
Let x(j) = -j**2 - 7*j + 97. Determine x(11).
-101
Let p(r) = 132*r**2 - r. Determine p(-1).
133
Let d(a) = -a**2 - 524*a - 5130. What is d(-10)?
10
Let l(a) = -a**2 - 4*a + 174. What is l(-17)?
-47
Let s(n) = 9*n**2 + 21*n + 14. Give s(-2).
8
Let s(z) = 38*z + 244. Give s(-6).
16
Let y(k) = 27*k - 42. What is y(2)?
12
Let v(k) = k**3 - 4*k**2 - 60*k + 5. What is v(-6)?
5
Let q(d) = 884*d - 13260. Give q(15).
0
Let l(f) = 39*f - 3585. What is l(92)?
3
Let c(m) = -54*m - 1035. Determine c(-19).
-9
Let v(b) = -38*b**2 + 13*b + 13. Calculate v(-1).
-38
Let k(b) = -3*b**2 - 92*b - 633. What is k(-8)?
-89
Let w(q) = -q**3 - 9*q**2 - 483. Determine w(0).
-483
Let c(u) = 392*u + 30960. What is c(-79)?
-8
Let x(d) = d - 5. Calculate x(7).
2
Let j(f) = -4*f**2 - 7*f - 31. What is j(-3)?
-46
Let z(u) = 10*u**2 - 207*u - 852. Determine z(-4).
136
Let f(x) = -409*x - 2439. Calculate f(-6).
15
Let l(v) = -5*v**2 + 32*v + 129. What is l(9)?
12
Let x(y) = -4*y**2 + 60*y + 22. Calculate x(23).
-714
Let a(m) = -39*m - 8. Determine a(-4).
148
Let u(p) = 3*p**2 + 410*p + 11886. Calculate u(-95).
11
Let s(y) = -y**3 + 5*y**2 + 16*y + 15. Determine s(8).
-49
Let i(b) = -b**3 - 92*b**2 - 2*b - 241. Determine i(-92).
-57
Let h(c) = 9*c**2 + 282*c - 5. Determine h(0).
-5
Let p(a) = -a**3 - 6*a**2 + 136*a + 893. What is p(-7)?
-10
Let a(f) = -f**3 + 20*f**2 - 53*f + 31. What is a(17)?
-3
Let x(t) = -163*t + 6528. Give x(40).
8
Let c(q) = -q**2 - 38*q - 308. What is c(-27)?
-11
Let u(w) = -w**3 + 40*w**2 - 53*w - 873. Calculate u(38).
1
Let v(i) = i**2 + 48*i + 590. Calculate v(-23).
15
Let g(t) = 16*t + 234. What is g(-17)?
-38
Let u(l) = 35*l**2 - 132*l + 2. Calculate u(4).
34
Let x(m) = -20*m - 907. Give 